{"id":834,"date":"2019-08-30T00:27:28","date_gmt":"2019-08-29T22:27:28","guid":{"rendered":"http:\/\/lctufbf.cluster020.hosting.ovh.net\/?page_id=834"},"modified":"2019-08-30T00:27:28","modified_gmt":"2019-08-29T22:27:28","slug":"le-train-de-7-h-40","status":"publish","type":"page","link":"https:\/\/fanfare-zebaliz.com\/index.php\/partoches\/le-train-de-7-h-40\/","title":{"rendered":"Le train de 7 h 40"},"content":{"rendered":"\n<div class=\"wp-block-themeisle-blocks-advanced-columns has-1-columns has-desktop-equal-layout has-tablet-equal-layout has-mobile-equal-layout has-default-gap has-vertical-unset\" id=\"wp-block-themeisle-blocks-advanced-columns-6d86116c\" style=\"border-width:0px;border-style:solid;border-color:#000000;border-radius:0px;justify-content:unset\"><div class=\"wp-themeisle-block-overlay\" style=\"opacity:0.5;mix-blend-mode:normal\"><\/div><div class=\"innerblocks-wrap\">\n<div class=\"wp-block-themeisle-blocks-advanced-column\" id=\"wp-block-themeisle-blocks-advanced-column-71fa36d5\" style=\"border-width:0px;border-style:solid;border-color:#000000;border-radius:0px\">\n<div class=\"wp-block-image\"><figure class=\"aligncenter\"><img loading=\"lazy\" decoding=\"async\" width=\"540\" height=\"337\" src=\"https:\/\/fanfare-zebaliz.com\/wp-content\/uploads\/2019\/08\/Le-train-1.jpg\" alt=\"\" class=\"wp-image-835\"\/><\/figure><\/div>\n<\/div>\n<\/div><\/div>\n\n\n\n<p style=\"text-align:center\"><strong>Der Zug um 7.40 Uhr<\/strong><br>Trad. arrang\u00e9 par Georges<\/p>\n\n\n\n<p>Sachez que ce fameux train \u00e9tait en retard. Ce morceau fut, dit-on, compos\u00e9 pendant une (assez) longue attente qui commen\u00e7a \u00e0 7 h 40\u00a0! Encore une fois, c\u2019\u00e9tait l\u2019occasion pour Maurice de cabotiner un max en pr\u00e9ludant\u00a0: car Maurice improvisait\u00a0! si\u00a0! si\u00a0! Pendant ce temps l\u00e0, les filles l\u2019entouraient, b\u00e9ates d\u2019admiration, osant \u00e0 peine le toucher durant cet effort surhumain. Derri\u00e8re, Georges pompait&#8230;\u00a0Comme le train, le morceau peut partir lentement en acc\u00e9l\u00e9rant peu \u00e0 peu. Ensuite c\u2019est selon\u00a0: tout d\u00e9pend si on est en micheline ou en t\u00e9j\u00e9v\u00e9, le tempo prend des allures p\u00e9p\u00e8re ou perv\u00e8re&#8230; Dans la deuxi\u00e8me phrase, \u00e7a sonne achtement bien si on respecte les accents sur les contre-temps, laissant aux basses et trombones le soin de scander la mesure\u00a0!<br>Maintenant que Maurice lave la salade avec Janny, C&rsquo;est Ma\u00efwenn qui ouvre le morceau, en prenant bien garde d&rsquo;\u00e9viter le sol di\u00e8se si caract\u00e9ristique qui donne \u00e0 cette musique son petit air balkanique&#8230;<\/p>\n\n\n\n<div class=\"wp-block-file aligncenter\"><a href=\"https:\/\/fanfare-zebaliz.com\/wp-content\/uploads\/2019\/08\/Le-train-1.pdf\">Les partoches :<\/a><a href=\"https:\/\/fanfare-zebaliz.com\/wp-content\/uploads\/2019\/08\/Le-train-1.pdf\" class=\"wp-block-file__button\" download>T\u00e9l\u00e9charger<\/a><\/div>\n","protected":false},"excerpt":{"rendered":"<p>Der Zug um 7.40 UhrTrad. arrang\u00e9 par Georges Sachez que ce fameux train \u00e9tait en retard. Ce morceau fut, dit-on, compos\u00e9 pendant une (assez) longue attente qui commen\u00e7a \u00e0 7 h 40\u00a0! Encore une fois, c\u2019\u00e9tait l\u2019occasion pour Maurice de cabotiner un max en pr\u00e9ludant\u00a0: car Maurice improvisait\u00a0! si\u00a0! si\u00a0! [&hellip;]<\/p>\n","protected":false},"author":1,"featured_media":686,"parent":34,"menu_order":0,"comment_status":"closed","ping_status":"closed","template":"","meta":{"footnotes":""},"class_list":["post-834","page","type-page","status-publish","has-post-thumbnail","hentry"],"_links":{"self":[{"href":"https:\/\/fanfare-zebaliz.com\/index.php\/wp-json\/wp\/v2\/pages\/834","targetHints":{"allow":["GET"]}}],"collection":[{"href":"https:\/\/fanfare-zebaliz.com\/index.php\/wp-json\/wp\/v2\/pages"}],"about":[{"href":"https:\/\/fanfare-zebaliz.com\/index.php\/wp-json\/wp\/v2\/types\/page"}],"author":[{"embeddable":true,"href":"https:\/\/fanfare-zebaliz.com\/index.php\/wp-json\/wp\/v2\/users\/1"}],"replies":[{"embeddable":true,"href":"https:\/\/fanfare-zebaliz.com\/index.php\/wp-json\/wp\/v2\/comments?post=834"}],"version-history":[{"count":1,"href":"https:\/\/fanfare-zebaliz.com\/index.php\/wp-json\/wp\/v2\/pages\/834\/revisions"}],"predecessor-version":[{"id":838,"href":"https:\/\/fanfare-zebaliz.com\/index.php\/wp-json\/wp\/v2\/pages\/834\/revisions\/838"}],"up":[{"embeddable":true,"href":"https:\/\/fanfare-zebaliz.com\/index.php\/wp-json\/wp\/v2\/pages\/34"}],"wp:featuredmedia":[{"embeddable":true,"href":"https:\/\/fanfare-zebaliz.com\/index.php\/wp-json\/wp\/v2\/media\/686"}],"wp:attachment":[{"href":"https:\/\/fanfare-zebaliz.com\/index.php\/wp-json\/wp\/v2\/media?parent=834"}],"curies":[{"name":"wp","href":"https:\/\/api.w.org\/{rel}","templated":true}]}}