{"id":830,"date":"2019-08-30T00:22:46","date_gmt":"2019-08-29T22:22:46","guid":{"rendered":"http:\/\/lctufbf.cluster020.hosting.ovh.net\/?page_id=830"},"modified":"2019-08-30T00:22:47","modified_gmt":"2019-08-29T22:22:47","slug":"titine","status":"publish","type":"page","link":"https:\/\/fanfare-zebaliz.com\/index.php\/partoches\/titine\/","title":{"rendered":"Titine"},"content":{"rendered":"\n<div class=\"wp-block-themeisle-blocks-advanced-columns has-1-columns has-desktop-equal-layout has-tablet-equal-layout has-mobile-equal-layout has-default-gap has-vertical-unset\" id=\"wp-block-themeisle-blocks-advanced-columns-250d2c5a\" style=\"border-width:0px;border-style:solid;border-color:#000000;border-radius:0px;justify-content:unset\"><div class=\"wp-themeisle-block-overlay\" style=\"opacity:0.5;mix-blend-mode:normal\"><\/div><div class=\"innerblocks-wrap\">\n<div class=\"wp-block-themeisle-blocks-advanced-column\" id=\"wp-block-themeisle-blocks-advanced-column-7a706cb9\" style=\"border-width:0px;border-style:solid;border-color:#000000;border-radius:0px\">\n<div class=\"wp-block-image\"><figure class=\"aligncenter\"><img loading=\"lazy\" decoding=\"async\" width=\"500\" height=\"268\" src=\"https:\/\/fanfare-zebaliz.com\/wp-content\/uploads\/2019\/08\/Titine.jpg\" alt=\"\" class=\"wp-image-831\"\/><\/figure><\/div>\n<\/div>\n<\/div><\/div>\n\n\n\n<p style=\"text-align:center\"><strong>Charlie Chaplin<\/strong>, arrgt Georges<\/p>\n\n\n\n<p>Ne cherchez plus Titine, elle est l\u00e0, jou\u00e9e in extremis et en trois coups de cuill\u00e8re \u00e0 pot par la fanfare survolt\u00e9e, en moins de temps qu\u2019il ne faut pour le dire\u00a0: avant m\u00eame d\u2019\u00eatre commenc\u00e9 (le public s\u2019interroge sur cet ait nouveau&#8230;) il est d\u00e9j\u00e0 fini\u00a0! Oui, mais quelle p\u00eache, quel startig\u00e8ne, quelle vivacit\u00e9\u00a0! Certains pupit\u2019s acceptent ici de ne jouer que des pompes (si\u00a0! si\u00a0!) et le trombone se lance dans un solo tr\u00e8s court, mais d\u2019une intensit\u00e9 et d\u2019un \u00e0-propos insoutenables, tellement tendu d\u2019ailleurs qu\u2019il est parfois remplac\u00e9 par le tuba ou un t\u00e9nor&#8230;<\/p>\n\n\n\n<div class=\"wp-block-file aligncenter\"><a href=\"https:\/\/fanfare-zebaliz.com\/wp-content\/uploads\/2019\/08\/Titine.pdf\">Les partoches :<\/a><a href=\"https:\/\/fanfare-zebaliz.com\/wp-content\/uploads\/2019\/08\/Titine.pdf\" class=\"wp-block-file__button\" download>T\u00e9l\u00e9charger<\/a><\/div>\n","protected":false},"excerpt":{"rendered":"<p>Charlie Chaplin, arrgt Georges Ne cherchez plus Titine, elle est l\u00e0, jou\u00e9e in extremis et en trois coups de cuill\u00e8re \u00e0 pot par la fanfare survolt\u00e9e, en moins de temps qu\u2019il ne faut pour le dire\u00a0: avant m\u00eame d\u2019\u00eatre commenc\u00e9 (le public s\u2019interroge sur cet ait nouveau&#8230;) il est d\u00e9j\u00e0 [&hellip;]<\/p>\n","protected":false},"author":1,"featured_media":686,"parent":34,"menu_order":0,"comment_status":"closed","ping_status":"closed","template":"","meta":{"footnotes":""},"class_list":["post-830","page","type-page","status-publish","has-post-thumbnail","hentry"],"_links":{"self":[{"href":"https:\/\/fanfare-zebaliz.com\/index.php\/wp-json\/wp\/v2\/pages\/830","targetHints":{"allow":["GET"]}}],"collection":[{"href":"https:\/\/fanfare-zebaliz.com\/index.php\/wp-json\/wp\/v2\/pages"}],"about":[{"href":"https:\/\/fanfare-zebaliz.com\/index.php\/wp-json\/wp\/v2\/types\/page"}],"author":[{"embeddable":true,"href":"https:\/\/fanfare-zebaliz.com\/index.php\/wp-json\/wp\/v2\/users\/1"}],"replies":[{"embeddable":true,"href":"https:\/\/fanfare-zebaliz.com\/index.php\/wp-json\/wp\/v2\/comments?post=830"}],"version-history":[{"count":1,"href":"https:\/\/fanfare-zebaliz.com\/index.php\/wp-json\/wp\/v2\/pages\/830\/revisions"}],"predecessor-version":[{"id":833,"href":"https:\/\/fanfare-zebaliz.com\/index.php\/wp-json\/wp\/v2\/pages\/830\/revisions\/833"}],"up":[{"embeddable":true,"href":"https:\/\/fanfare-zebaliz.com\/index.php\/wp-json\/wp\/v2\/pages\/34"}],"wp:featuredmedia":[{"embeddable":true,"href":"https:\/\/fanfare-zebaliz.com\/index.php\/wp-json\/wp\/v2\/media\/686"}],"wp:attachment":[{"href":"https:\/\/fanfare-zebaliz.com\/index.php\/wp-json\/wp\/v2\/media?parent=830"}],"curies":[{"name":"wp","href":"https:\/\/api.w.org\/{rel}","templated":true}]}}