{"id":804,"date":"2019-08-29T23:59:12","date_gmt":"2019-08-29T21:59:12","guid":{"rendered":"http:\/\/lctufbf.cluster020.hosting.ovh.net\/?page_id=804"},"modified":"2019-08-29T23:59:13","modified_gmt":"2019-08-29T21:59:13","slug":"marche-pour-la-ceremonie-des-turcs","status":"publish","type":"page","link":"https:\/\/fanfare-zebaliz.com\/index.php\/partoches\/marche-pour-la-ceremonie-des-turcs\/","title":{"rendered":"Marche pour la c\u00e9r\u00e9monie des Turcs"},"content":{"rendered":"\n<div class=\"wp-block-themeisle-blocks-advanced-columns has-1-columns has-desktop-equal-layout has-tablet-equal-layout has-mobile-equal-layout has-default-gap has-vertical-unset\" id=\"wp-block-themeisle-blocks-advanced-columns-6bf9ccda\" style=\"border-width:0px;border-style:solid;border-color:#000000;border-radius:0px;justify-content:unset\"><div class=\"wp-themeisle-block-overlay\" style=\"opacity:0.5;mix-blend-mode:normal\"><\/div><div class=\"innerblocks-wrap\">\n<div class=\"wp-block-themeisle-blocks-advanced-column\" id=\"wp-block-themeisle-blocks-advanced-column-2193d58c\" style=\"border-width:0px;border-style:solid;border-color:#000000;border-radius:0px\">\n<div class=\"wp-block-image\"><figure class=\"aligncenter\"><img loading=\"lazy\" decoding=\"async\" width=\"600\" height=\"342\" src=\"https:\/\/fanfare-zebaliz.com\/wp-content\/uploads\/2019\/08\/Marche-des-turcs-Lully-tout-1.jpg\" alt=\"\" class=\"wp-image-805\"\/><\/figure><\/div>\n<\/div>\n<\/div><\/div>\n\n\n\n<p style=\"text-align:center\"><strong>Jean-Baptiste Lully<\/strong> (arrgt Georges)<\/p>\n\n\n\n<p>Quand la fanfare se la joue classique&#8230; Un air martial et cuivr\u00e9 interpr\u00e9t\u00e9 \u00ab\u00a0groupirenn\u00a0\u00bb, l\u2019instinct gr\u00e9gaire fortement d\u00e9velopp\u00e9, dirig\u00e9 par un chef PAV \u00e0 la baguette coud\u00e9e qui trombonise les foules en d\u00e9lire. La tierce picarde de la fin \u00e9lectrise le public qui reste pantois, b\u00e9at, la langue pendante et met souvent quelques minutes \u00e0 r\u00e9agir en un tonnerre (de Brest) d\u2019applaudissements. Une valeur s\u00fbre pour les fins de journ\u00e9e, de contrat, juste avant d\u2019aller faire dodo&#8230;<\/p>\n\n\n\n<div class=\"wp-block-file aligncenter\"><a href=\"https:\/\/fanfare-zebaliz.com\/wp-content\/uploads\/2019\/08\/Marche-des-turcs-Lully-tout.pdf\">Les partoches :<\/a><a href=\"https:\/\/fanfare-zebaliz.com\/wp-content\/uploads\/2019\/08\/Marche-des-turcs-Lully-tout.pdf\" class=\"wp-block-file__button\" download>T\u00e9l\u00e9charger<\/a><\/div>\n","protected":false},"excerpt":{"rendered":"<p>Jean-Baptiste Lully (arrgt Georges) Quand la fanfare se la joue classique&#8230; Un air martial et cuivr\u00e9 interpr\u00e9t\u00e9 \u00ab\u00a0groupirenn\u00a0\u00bb, l\u2019instinct gr\u00e9gaire fortement d\u00e9velopp\u00e9, dirig\u00e9 par un chef PAV \u00e0 la baguette coud\u00e9e qui trombonise les foules en d\u00e9lire. La tierce picarde de la fin \u00e9lectrise le public qui reste pantois, b\u00e9at, [&hellip;]<\/p>\n","protected":false},"author":1,"featured_media":686,"parent":34,"menu_order":0,"comment_status":"closed","ping_status":"closed","template":"","meta":{"footnotes":""},"class_list":["post-804","page","type-page","status-publish","has-post-thumbnail","hentry"],"_links":{"self":[{"href":"https:\/\/fanfare-zebaliz.com\/index.php\/wp-json\/wp\/v2\/pages\/804","targetHints":{"allow":["GET"]}}],"collection":[{"href":"https:\/\/fanfare-zebaliz.com\/index.php\/wp-json\/wp\/v2\/pages"}],"about":[{"href":"https:\/\/fanfare-zebaliz.com\/index.php\/wp-json\/wp\/v2\/types\/page"}],"author":[{"embeddable":true,"href":"https:\/\/fanfare-zebaliz.com\/index.php\/wp-json\/wp\/v2\/users\/1"}],"replies":[{"embeddable":true,"href":"https:\/\/fanfare-zebaliz.com\/index.php\/wp-json\/wp\/v2\/comments?post=804"}],"version-history":[{"count":1,"href":"https:\/\/fanfare-zebaliz.com\/index.php\/wp-json\/wp\/v2\/pages\/804\/revisions"}],"predecessor-version":[{"id":807,"href":"https:\/\/fanfare-zebaliz.com\/index.php\/wp-json\/wp\/v2\/pages\/804\/revisions\/807"}],"up":[{"embeddable":true,"href":"https:\/\/fanfare-zebaliz.com\/index.php\/wp-json\/wp\/v2\/pages\/34"}],"wp:featuredmedia":[{"embeddable":true,"href":"https:\/\/fanfare-zebaliz.com\/index.php\/wp-json\/wp\/v2\/media\/686"}],"wp:attachment":[{"href":"https:\/\/fanfare-zebaliz.com\/index.php\/wp-json\/wp\/v2\/media?parent=804"}],"curies":[{"name":"wp","href":"https:\/\/api.w.org\/{rel}","templated":true}]}}