{"id":791,"date":"2019-08-29T23:49:15","date_gmt":"2019-08-29T21:49:15","guid":{"rendered":"http:\/\/lctufbf.cluster020.hosting.ovh.net\/?page_id=791"},"modified":"2019-08-29T23:49:16","modified_gmt":"2019-08-29T21:49:16","slug":"je-ne-regrette-rien","status":"publish","type":"page","link":"https:\/\/fanfare-zebaliz.com\/index.php\/partoches\/je-ne-regrette-rien\/","title":{"rendered":"Je ne regrette rien"},"content":{"rendered":"\n<div class=\"wp-block-themeisle-blocks-advanced-columns has-1-columns has-desktop-equal-layout has-tablet-equal-layout has-mobile-equal-layout has-default-gap has-vertical-unset\" id=\"wp-block-themeisle-blocks-advanced-columns-c1122613\" style=\"border-width:0px;border-style:solid;border-color:#000000;border-radius:0px;justify-content:unset\"><div class=\"wp-themeisle-block-overlay\" style=\"opacity:0.5;mix-blend-mode:normal\"><\/div><div class=\"innerblocks-wrap\">\n<div class=\"wp-block-themeisle-blocks-advanced-column\" id=\"wp-block-themeisle-blocks-advanced-column-a900c31d\" style=\"border-width:0px;border-style:solid;border-color:#000000;border-radius:0px\">\n<div class=\"wp-block-image\"><figure class=\"aligncenter\"><img loading=\"lazy\" decoding=\"async\" width=\"500\" height=\"274\" src=\"https:\/\/fanfare-zebaliz.com\/wp-content\/uploads\/2019\/08\/Je-ne-regrette-rien.jpg\" alt=\"\" class=\"wp-image-792\"\/><\/figure><\/div>\n<\/div>\n<\/div><\/div>\n\n\n\n<p style=\"text-align:center\"><strong>Edith Piaf, adaptation de Tom Boul de la Pekno Parade<\/strong><\/p>\n\n\n\n<p>Un air que nous avons g\u00e9n\u00e9reusement emprunt\u00e9 aux Peknos et que nous avons mont\u00e9 en trois coups de cuill\u00e8re \u00e0 pot, ce qui est assez rare pour le souligner. On en profite donc pour tirer notre chapeau \u00e0 la rangeure&#8230; La fanfare n\u2019a qu\u2019un point fort\u00a0: jouer fort. Cette qualit\u00e9 s\u2019exprime pleinement dans ce morceau plein de nuances, jou\u00e9 enti\u00e8rement <em>pp<\/em> (plein poumons) et notamment \u00e0 la fin, o\u00f9 le crescendo de l\u2019accord final commence doucement sur une nuance <em>ff<\/em> (fortement faux) pour s\u2019achever <em>ffffff<\/em> (fachement fuper fantastinou\u00efment fortement faux).<\/p>\n\n\n\n<div class=\"wp-block-file aligncenter\"><a href=\"https:\/\/fanfare-zebaliz.com\/wp-content\/uploads\/2019\/08\/Je-ne-regrette-rien.pdf\">Les partoches<\/a><a href=\"https:\/\/fanfare-zebaliz.com\/wp-content\/uploads\/2019\/08\/Je-ne-regrette-rien.pdf\" class=\"wp-block-file__button\" download>T\u00e9l\u00e9charger<\/a><\/div>\n","protected":false},"excerpt":{"rendered":"<p>Edith Piaf, adaptation de Tom Boul de la Pekno Parade Un air que nous avons g\u00e9n\u00e9reusement emprunt\u00e9 aux Peknos et que nous avons mont\u00e9 en trois coups de cuill\u00e8re \u00e0 pot, ce qui est assez rare pour le souligner. On en profite donc pour tirer notre chapeau \u00e0 la rangeure&#8230; [&hellip;]<\/p>\n","protected":false},"author":1,"featured_media":686,"parent":34,"menu_order":0,"comment_status":"closed","ping_status":"closed","template":"","meta":{"footnotes":""},"class_list":["post-791","page","type-page","status-publish","has-post-thumbnail","hentry"],"_links":{"self":[{"href":"https:\/\/fanfare-zebaliz.com\/index.php\/wp-json\/wp\/v2\/pages\/791","targetHints":{"allow":["GET"]}}],"collection":[{"href":"https:\/\/fanfare-zebaliz.com\/index.php\/wp-json\/wp\/v2\/pages"}],"about":[{"href":"https:\/\/fanfare-zebaliz.com\/index.php\/wp-json\/wp\/v2\/types\/page"}],"author":[{"embeddable":true,"href":"https:\/\/fanfare-zebaliz.com\/index.php\/wp-json\/wp\/v2\/users\/1"}],"replies":[{"embeddable":true,"href":"https:\/\/fanfare-zebaliz.com\/index.php\/wp-json\/wp\/v2\/comments?post=791"}],"version-history":[{"count":1,"href":"https:\/\/fanfare-zebaliz.com\/index.php\/wp-json\/wp\/v2\/pages\/791\/revisions"}],"predecessor-version":[{"id":794,"href":"https:\/\/fanfare-zebaliz.com\/index.php\/wp-json\/wp\/v2\/pages\/791\/revisions\/794"}],"up":[{"embeddable":true,"href":"https:\/\/fanfare-zebaliz.com\/index.php\/wp-json\/wp\/v2\/pages\/34"}],"wp:featuredmedia":[{"embeddable":true,"href":"https:\/\/fanfare-zebaliz.com\/index.php\/wp-json\/wp\/v2\/media\/686"}],"wp:attachment":[{"href":"https:\/\/fanfare-zebaliz.com\/index.php\/wp-json\/wp\/v2\/media?parent=791"}],"curies":[{"name":"wp","href":"https:\/\/api.w.org\/{rel}","templated":true}]}}

<div class="wp-block-themeisle-blocks-advanced-columns has-1-columns has-desktop-equal-layout has-tablet-equal-layout has-mobile-equal-layout has-default-gap has-vertical-unset" id="wp-block-themeisle-blocks-advanced-columns-c1122613" style="border-width:0px;border-style:solid;border-color:#000000;border-radius:0px;justify-content:unset"><div class="wp-themeisle-block-overlay" style="opacity:0.5;mix-blend-mode:normal"></div><div class="innerblocks-wrap">
<div class="wp-block-themeisle-blocks-advanced-column" id="wp-block-themeisle-blocks-advanced-column-a900c31d" style="border-width:0px;border-style:solid;border-color:#000000;border-radius:0px">
<div class="wp-block-image"><figure class="aligncenter"><img loading="lazy" decoding="async" width="500" height="274" src="https://fanfare-zebaliz.com/wp-content/uploads/2019/08/Je-ne-regrette-rien.jpg" alt="" class="wp-image-792"/></figure></div>
</div>
</div></div>



<p style="text-align:center"><strong>Edith Piaf, adaptation de Tom Boul de la Pekno Parade</strong></p>



<p>Un air que nous avons généreusement emprunté aux Peknos et que nous avons monté en trois coups de cuillère à pot, ce qui est assez rare pour le souligner. On en profite donc pour tirer notre chapeau à la rangeure&#8230; La fanfare n’a qu’un point fort : jouer fort. Cette qualité s’exprime pleinement dans ce morceau plein de nuances, joué entièrement <em>pp</em> (plein poumons) et notamment à la fin, où le crescendo de l’accord final commence doucement sur une nuance <em>ff</em> (fortement faux) pour s’achever <em>ffffff</em> (fachement fuper fantastinouïment fortement faux).</p>



<div class="wp-block-file aligncenter"><a href="https://fanfare-zebaliz.com/wp-content/uploads/2019/08/Je-ne-regrette-rien.pdf">Les partoches</a><a href="https://fanfare-zebaliz.com/wp-content/uploads/2019/08/Je-ne-regrette-rien.pdf" class="wp-block-file__button" download>Télécharger</a></div>

<p>Edith Piaf, adaptation de Tom Boul de la Pekno Parade Un air que nous avons généreusement emprunté aux Peknos et que nous avons monté en trois coups de cuillère à pot, ce qui est assez rare pour le souligner. On en profite donc pour tirer notre chapeau à la rangeure&#8230; [&hellip;]</p>
