{"id":786,"date":"2019-08-29T23:46:24","date_gmt":"2019-08-29T21:46:24","guid":{"rendered":"http:\/\/lctufbf.cluster020.hosting.ovh.net\/?page_id=786"},"modified":"2019-08-29T23:46:24","modified_gmt":"2019-08-29T21:46:24","slug":"in-the-mood","status":"publish","type":"page","link":"https:\/\/fanfare-zebaliz.com\/index.php\/partoches\/in-the-mood\/","title":{"rendered":"In the mood"},"content":{"rendered":"\n<div class=\"wp-block-themeisle-blocks-advanced-columns has-1-columns has-desktop-equal-layout has-tablet-equal-layout has-mobile-equal-layout has-default-gap has-vertical-unset\" id=\"wp-block-themeisle-blocks-advanced-columns-1dbf6679\" style=\"border-width:0px;border-style:solid;border-color:#000000;border-radius:0px;justify-content:unset\"><div class=\"wp-themeisle-block-overlay\" style=\"opacity:0.5;mix-blend-mode:normal\"><\/div><div class=\"innerblocks-wrap\">\n<div class=\"wp-block-themeisle-blocks-advanced-column\" id=\"wp-block-themeisle-blocks-advanced-column-91e05a19\" style=\"border-width:0px;border-style:solid;border-color:#000000;border-radius:0px\">\n<div class=\"wp-block-image\"><figure class=\"aligncenter\"><img loading=\"lazy\" decoding=\"async\" width=\"500\" height=\"257\" src=\"https:\/\/fanfare-zebaliz.com\/wp-content\/uploads\/2019\/08\/In-the-mood.jpg\" alt=\"\" class=\"wp-image-787\"\/><\/figure><\/div>\n<\/div>\n<\/div><\/div>\n\n\n\n<p style=\"text-align:center\"><strong>Joe Garland<\/strong>, arrgt Georges<\/p>\n\n\n\n<p>On ne pr\u00e9sente plus ce standard universellement connu que Z\u00e9baliz joue sans complexe dans une tonne \u00e0 lisier l\u00e9g\u00e8rement \u00e9loign\u00e9e de l\u2019original, au grand d\u00e9sespoir de Maurice qui ne peut r\u00e9p\u00e9ter seul, face au port de Camaret, pendant que Jany lave la salade&#8230; Une intro parfois squiz\u00e9e par les breaks labiaux des trompettes et un espace qui voit korusser Maurice (si\u00a0! si\u00a0!) et bient\u00f4t des tas d\u2019autres fanfarons&#8230;<\/p>\n\n\n\n<div class=\"wp-block-file aligncenter\"><a href=\"https:\/\/fanfare-zebaliz.com\/wp-content\/uploads\/2019\/08\/In-the-mood.pdf\">Les partoches : <\/a><a href=\"https:\/\/fanfare-zebaliz.com\/wp-content\/uploads\/2019\/08\/In-the-mood.pdf\" class=\"wp-block-file__button\" download>T\u00e9l\u00e9charger<\/a><\/div>\n","protected":false},"excerpt":{"rendered":"<p>Joe Garland, arrgt Georges On ne pr\u00e9sente plus ce standard universellement connu que Z\u00e9baliz joue sans complexe dans une tonne \u00e0 lisier l\u00e9g\u00e8rement \u00e9loign\u00e9e de l\u2019original, au grand d\u00e9sespoir de Maurice qui ne peut r\u00e9p\u00e9ter seul, face au port de Camaret, pendant que Jany lave la salade&#8230; Une intro parfois [&hellip;]<\/p>\n","protected":false},"author":1,"featured_media":686,"parent":34,"menu_order":0,"comment_status":"closed","ping_status":"closed","template":"","meta":{"footnotes":""},"class_list":["post-786","page","type-page","status-publish","has-post-thumbnail","hentry"],"_links":{"self":[{"href":"https:\/\/fanfare-zebaliz.com\/index.php\/wp-json\/wp\/v2\/pages\/786","targetHints":{"allow":["GET"]}}],"collection":[{"href":"https:\/\/fanfare-zebaliz.com\/index.php\/wp-json\/wp\/v2\/pages"}],"about":[{"href":"https:\/\/fanfare-zebaliz.com\/index.php\/wp-json\/wp\/v2\/types\/page"}],"author":[{"embeddable":true,"href":"https:\/\/fanfare-zebaliz.com\/index.php\/wp-json\/wp\/v2\/users\/1"}],"replies":[{"embeddable":true,"href":"https:\/\/fanfare-zebaliz.com\/index.php\/wp-json\/wp\/v2\/comments?post=786"}],"version-history":[{"count":1,"href":"https:\/\/fanfare-zebaliz.com\/index.php\/wp-json\/wp\/v2\/pages\/786\/revisions"}],"predecessor-version":[{"id":789,"href":"https:\/\/fanfare-zebaliz.com\/index.php\/wp-json\/wp\/v2\/pages\/786\/revisions\/789"}],"up":[{"embeddable":true,"href":"https:\/\/fanfare-zebaliz.com\/index.php\/wp-json\/wp\/v2\/pages\/34"}],"wp:featuredmedia":[{"embeddable":true,"href":"https:\/\/fanfare-zebaliz.com\/index.php\/wp-json\/wp\/v2\/media\/686"}],"wp:attachment":[{"href":"https:\/\/fanfare-zebaliz.com\/index.php\/wp-json\/wp\/v2\/media?parent=786"}],"curies":[{"name":"wp","href":"https:\/\/api.w.org\/{rel}","templated":true}]}}