{"id":744,"date":"2019-08-29T15:47:48","date_gmt":"2019-08-29T13:47:48","guid":{"rendered":"http:\/\/lctufbf.cluster020.hosting.ovh.net\/?page_id=744"},"modified":"2019-08-29T15:47:49","modified_gmt":"2019-08-29T13:47:49","slug":"ca","status":"publish","type":"page","link":"https:\/\/fanfare-zebaliz.com\/index.php\/partoches\/ca\/","title":{"rendered":"\u00c7a !"},"content":{"rendered":"\n<div class=\"wp-block-themeisle-blocks-advanced-columns has-1-columns has-desktop-equal-layout has-tablet-equal-layout has-mobile-equal-layout has-default-gap has-vertical-unset\" id=\"wp-block-themeisle-blocks-advanced-columns-928eb93b\" style=\"border-width:0px;border-style:solid;border-color:#000000;border-radius:0px;justify-content:unset\"><div class=\"wp-themeisle-block-overlay\" style=\"opacity:0.5;mix-blend-mode:normal\"><\/div><div class=\"innerblocks-wrap\">\n<div class=\"wp-block-themeisle-blocks-advanced-column\" id=\"wp-block-themeisle-blocks-advanced-column-f6b5de47\" style=\"border-width:0px;border-style:solid;border-color:#000000;border-radius:0px\">\n<figure class=\"wp-block-image\"><img loading=\"lazy\" decoding=\"async\" width=\"500\" height=\"265\" src=\"https:\/\/fanfare-zebaliz.com\/wp-content\/uploads\/2019\/08\/Ca-En-el-mundo.jpg\" alt=\"\" class=\"wp-image-746\"\/><\/figure>\n<\/div>\n<\/div><\/div>\n\n\n\n<p style=\"text-align:center\"><strong>En el mundo<\/strong><br>Arrangement Claude Mazuret<\/p>\n\n\n\n<p>Un des plus anciens airs de la fanfare, sorti de la nuit des temps. Un de ces airs qui part des pupit\u2019s du fond sans crier gare, au moment o\u00f9 les discussions vont bon train pour savoir que sera le prochain morceau (Annie a propos\u00e9, mais \u00e7a r\u00e2le devant, et puis non, c\u2019\u00e9tait Maurice qui d\u00e9cidait aujourd\u2019hui, et il est occup\u00e9 avec \u00ab\u00a0son\u00a0\u00bb public). Bref, \u00ab\u00a0\u00c7a\u00a0\u00bb est parti et rallie la fanfare et les foules au son tonitruant des trompettes, rapidement suivies par la vague montante des bois qui exposent le th\u00e8me en se pr\u00e9cipitant vers la foule (\u00e7a, c\u2019est une gestuelle\u00a0! Mise au point apr\u00e8s deux jours de travail intensif lors d\u2019un week-end \u00ab\u00a0gestuelle\u00a0\u00bb que Maurice aimerait bien recommencer, mais comme il n\u2019est plus directeur animateur de la charmante auberge discr\u00e8te de la pointe de Pen-Hir, c\u2019est plus compliqu\u00e9 pour le local&#8230;).<\/p>\n\n\n\n<div class=\"wp-block-file aligncenter\"><a href=\"https:\/\/fanfare-zebaliz.com\/wp-content\/uploads\/2019\/08\/Ca-En-el-mundo.pdf\">Les partoches :<\/a><a href=\"https:\/\/fanfare-zebaliz.com\/wp-content\/uploads\/2019\/08\/Ca-En-el-mundo.pdf\" class=\"wp-block-file__button\" download>T\u00e9l\u00e9charger<\/a><\/div>\n","protected":false},"excerpt":{"rendered":"<p>En el mundoArrangement Claude Mazuret Un des plus anciens airs de la fanfare, sorti de la nuit des temps. Un de ces airs qui part des pupit\u2019s du fond sans crier gare, au moment o\u00f9 les discussions vont bon train pour savoir que sera le prochain morceau (Annie a propos\u00e9, [&hellip;]<\/p>\n","protected":false},"author":1,"featured_media":686,"parent":34,"menu_order":0,"comment_status":"closed","ping_status":"closed","template":"","meta":{"footnotes":""},"class_list":["post-744","page","type-page","status-publish","has-post-thumbnail","hentry"],"_links":{"self":[{"href":"https:\/\/fanfare-zebaliz.com\/index.php\/wp-json\/wp\/v2\/pages\/744","targetHints":{"allow":["GET"]}}],"collection":[{"href":"https:\/\/fanfare-zebaliz.com\/index.php\/wp-json\/wp\/v2\/pages"}],"about":[{"href":"https:\/\/fanfare-zebaliz.com\/index.php\/wp-json\/wp\/v2\/types\/page"}],"author":[{"embeddable":true,"href":"https:\/\/fanfare-zebaliz.com\/index.php\/wp-json\/wp\/v2\/users\/1"}],"replies":[{"embeddable":true,"href":"https:\/\/fanfare-zebaliz.com\/index.php\/wp-json\/wp\/v2\/comments?post=744"}],"version-history":[{"count":1,"href":"https:\/\/fanfare-zebaliz.com\/index.php\/wp-json\/wp\/v2\/pages\/744\/revisions"}],"predecessor-version":[{"id":748,"href":"https:\/\/fanfare-zebaliz.com\/index.php\/wp-json\/wp\/v2\/pages\/744\/revisions\/748"}],"up":[{"embeddable":true,"href":"https:\/\/fanfare-zebaliz.com\/index.php\/wp-json\/wp\/v2\/pages\/34"}],"wp:featuredmedia":[{"embeddable":true,"href":"https:\/\/fanfare-zebaliz.com\/index.php\/wp-json\/wp\/v2\/media\/686"}],"wp:attachment":[{"href":"https:\/\/fanfare-zebaliz.com\/index.php\/wp-json\/wp\/v2\/media?parent=744"}],"curies":[{"name":"wp","href":"https:\/\/api.w.org\/{rel}","templated":true}]}}