{"id":721,"date":"2019-08-28T09:05:11","date_gmt":"2019-08-28T07:05:11","guid":{"rendered":"http:\/\/lctufbf.cluster020.hosting.ovh.net\/?page_id=721"},"modified":"2019-08-28T09:05:11","modified_gmt":"2019-08-28T07:05:11","slug":"pas-de-boogie-woogie","status":"publish","type":"page","link":"https:\/\/fanfare-zebaliz.com\/index.php\/partoches\/pas-de-boogie-woogie\/","title":{"rendered":"Pas de boogie-woogie"},"content":{"rendered":"\n<div class=\"wp-block-image\"><figure class=\"aligncenter\"><img loading=\"lazy\" decoding=\"async\" width=\"600\" height=\"272\" src=\"https:\/\/fanfare-zebaliz.com\/wp-content\/uploads\/2019\/08\/Pas-de-boogie-woogie-1.jpg\" alt=\"\" class=\"wp-image-722\"\/><\/figure><\/div>\n\n\n\n<p style=\"text-align:center\"><strong>Le solo de Brigitte !<\/strong><br>Arrgt Georges<\/p>\n\n\n\n<p>Si vous voyez Brigitte s&rsquo;avancer seule tandis que le reste de la fanfare se couche \u00e0 ses pieds en attaquant un maouste accord de si b\u00e9mol, c&rsquo;est celui-l\u00e0 ! Une sorte d&rsquo;appel au peuple d&rsquo;une pr\u00eacheuse qui va distiller la bonne parole&#8230; Les trompettes en folie se chargent de relier le discours dans un refrain endiabl\u00e9 qui se termine chaque fois sur la corde raide&#8230; mais qui se termine !<\/p>\n\n\n\n<div class=\"wp-block-file aligncenter\"><a href=\"https:\/\/fanfare-zebaliz.com\/wp-content\/uploads\/2019\/08\/Pas-de-boogie-woogie.pdf\">Pas-de-boogie-woogie<\/a><a href=\"https:\/\/fanfare-zebaliz.com\/wp-content\/uploads\/2019\/08\/Pas-de-boogie-woogie.pdf\" class=\"wp-block-file__button\" download>T\u00e9l\u00e9charger<\/a><\/div>\n","protected":false},"excerpt":{"rendered":"<p>Le solo de Brigitte !Arrgt Georges Si vous voyez Brigitte s&rsquo;avancer seule tandis que le reste de la fanfare se couche \u00e0 ses pieds en attaquant un maouste accord de si b\u00e9mol, c&rsquo;est celui-l\u00e0 ! Une sorte d&rsquo;appel au peuple d&rsquo;une pr\u00eacheuse qui va distiller la bonne parole&#8230; Les trompettes [&hellip;]<\/p>\n","protected":false},"author":1,"featured_media":686,"parent":34,"menu_order":0,"comment_status":"closed","ping_status":"closed","template":"","meta":{"footnotes":""},"class_list":["post-721","page","type-page","status-publish","has-post-thumbnail","hentry"],"_links":{"self":[{"href":"https:\/\/fanfare-zebaliz.com\/index.php\/wp-json\/wp\/v2\/pages\/721","targetHints":{"allow":["GET"]}}],"collection":[{"href":"https:\/\/fanfare-zebaliz.com\/index.php\/wp-json\/wp\/v2\/pages"}],"about":[{"href":"https:\/\/fanfare-zebaliz.com\/index.php\/wp-json\/wp\/v2\/types\/page"}],"author":[{"embeddable":true,"href":"https:\/\/fanfare-zebaliz.com\/index.php\/wp-json\/wp\/v2\/users\/1"}],"replies":[{"embeddable":true,"href":"https:\/\/fanfare-zebaliz.com\/index.php\/wp-json\/wp\/v2\/comments?post=721"}],"version-history":[{"count":3,"href":"https:\/\/fanfare-zebaliz.com\/index.php\/wp-json\/wp\/v2\/pages\/721\/revisions"}],"predecessor-version":[{"id":727,"href":"https:\/\/fanfare-zebaliz.com\/index.php\/wp-json\/wp\/v2\/pages\/721\/revisions\/727"}],"up":[{"embeddable":true,"href":"https:\/\/fanfare-zebaliz.com\/index.php\/wp-json\/wp\/v2\/pages\/34"}],"wp:featuredmedia":[{"embeddable":true,"href":"https:\/\/fanfare-zebaliz.com\/index.php\/wp-json\/wp\/v2\/media\/686"}],"wp:attachment":[{"href":"https:\/\/fanfare-zebaliz.com\/index.php\/wp-json\/wp\/v2\/media?parent=721"}],"curies":[{"name":"wp","href":"https:\/\/api.w.org\/{rel}","templated":true}]}}