{"id":606,"date":"2019-08-23T22:54:20","date_gmt":"2019-08-23T20:54:20","guid":{"rendered":"http:\/\/lctufbf.cluster020.hosting.ovh.net\/?page_id=606"},"modified":"2019-08-23T22:54:21","modified_gmt":"2019-08-23T20:54:21","slug":"lagrimas-negras","status":"publish","type":"page","link":"https:\/\/fanfare-zebaliz.com\/index.php\/partoches\/lagrimas-negras\/","title":{"rendered":"Lagrimas negras"},"content":{"rendered":"\n<div class=\"wp-block-image\"><figure class=\"aligncenter\"><img loading=\"lazy\" decoding=\"async\" width=\"600\" height=\"312\" src=\"https:\/\/fanfare-zebaliz.com\/wp-content\/uploads\/2019\/08\/Lagrimas-negras-10.jpg\" alt=\"\" class=\"wp-image-607\" srcset=\"https:\/\/fanfare-zebaliz.com\/wp-content\/uploads\/2019\/08\/Lagrimas-negras-10.jpg 600w, https:\/\/fanfare-zebaliz.com\/wp-content\/uploads\/2019\/08\/Lagrimas-negras-10-300x156.jpg 300w\" sizes=\"auto, (max-width: 600px) 100vw, 600px\" \/><\/figure><\/div>\n\n\n\n<p style=\"text-align:center\"><strong>Les larmes sont dures \u00e0 jouer<\/strong><\/p>\n\n\n\n<p>Encore un morceau en provenance directe de l\u2019\u00eele, travaill\u00e9 f\u00e9brilement 15 jours avant le d\u00e9part&#8230; mais \u00e7a marche\u00a0! \u00c7a ronfle, \u00e7a vibre\u00a0! N\u2019h\u00e9sitez pas \u00e0 \u00e9couter le dikx d\u2019A bout d\u2019souffle\u00a0: Wal al leur. Une r\u00e9f\u00e9rence des dikx de fanfares\u00a0!\u00a0<\/p>\n\n\n\n<div class=\"wp-block-file aligncenter\"><a href=\"https:\/\/fanfare-zebaliz.com\/wp-content\/uploads\/2019\/08\/Lagrimas-negras.pdf\">Les partoches :<\/a><a href=\"https:\/\/fanfare-zebaliz.com\/wp-content\/uploads\/2019\/08\/Lagrimas-negras.pdf\" class=\"wp-block-file__button\" download>T\u00e9l\u00e9charger<\/a><\/div>\n","protected":false},"excerpt":{"rendered":"<p>Les larmes sont dures \u00e0 jouer Encore un morceau en provenance directe de l\u2019\u00eele, travaill\u00e9 f\u00e9brilement 15 jours avant le d\u00e9part&#8230; mais \u00e7a marche\u00a0! \u00c7a ronfle, \u00e7a vibre\u00a0! N\u2019h\u00e9sitez pas \u00e0 \u00e9couter le dikx d\u2019A bout d\u2019souffle\u00a0: Wal al leur. Une r\u00e9f\u00e9rence des dikx de fanfares\u00a0!\u00a0<\/p>\n","protected":false},"author":1,"featured_media":194,"parent":34,"menu_order":0,"comment_status":"closed","ping_status":"closed","template":"","meta":{"footnotes":""},"class_list":["post-606","page","type-page","status-publish","has-post-thumbnail","hentry"],"_links":{"self":[{"href":"https:\/\/fanfare-zebaliz.com\/index.php\/wp-json\/wp\/v2\/pages\/606","targetHints":{"allow":["GET"]}}],"collection":[{"href":"https:\/\/fanfare-zebaliz.com\/index.php\/wp-json\/wp\/v2\/pages"}],"about":[{"href":"https:\/\/fanfare-zebaliz.com\/index.php\/wp-json\/wp\/v2\/types\/page"}],"author":[{"embeddable":true,"href":"https:\/\/fanfare-zebaliz.com\/index.php\/wp-json\/wp\/v2\/users\/1"}],"replies":[{"embeddable":true,"href":"https:\/\/fanfare-zebaliz.com\/index.php\/wp-json\/wp\/v2\/comments?post=606"}],"version-history":[{"count":1,"href":"https:\/\/fanfare-zebaliz.com\/index.php\/wp-json\/wp\/v2\/pages\/606\/revisions"}],"predecessor-version":[{"id":609,"href":"https:\/\/fanfare-zebaliz.com\/index.php\/wp-json\/wp\/v2\/pages\/606\/revisions\/609"}],"up":[{"embeddable":true,"href":"https:\/\/fanfare-zebaliz.com\/index.php\/wp-json\/wp\/v2\/pages\/34"}],"wp:featuredmedia":[{"embeddable":true,"href":"https:\/\/fanfare-zebaliz.com\/index.php\/wp-json\/wp\/v2\/media\/194"}],"wp:attachment":[{"href":"https:\/\/fanfare-zebaliz.com\/index.php\/wp-json\/wp\/v2\/media?parent=606"}],"curies":[{"name":"wp","href":"https:\/\/api.w.org\/{rel}","templated":true}]}}