{"id":589,"date":"2019-08-23T21:47:24","date_gmt":"2019-08-23T19:47:24","guid":{"rendered":"http:\/\/lctufbf.cluster020.hosting.ovh.net\/?page_id=589"},"modified":"2019-08-23T21:51:29","modified_gmt":"2019-08-23T19:51:29","slug":"tout-lamour-que-jai-pour-toi-2","status":"publish","type":"page","link":"https:\/\/fanfare-zebaliz.com\/index.php\/partoches\/tout-lamour-que-jai-pour-toi-2\/","title":{"rendered":"Vanina"},"content":{"rendered":"\n<figure class=\"wp-block-image\"><img loading=\"lazy\" decoding=\"async\" width=\"500\" height=\"268\" src=\"https:\/\/fanfare-zebaliz.com\/wp-content\/uploads\/2019\/08\/Vanina.jpg\" alt=\"\" class=\"wp-image-593\" srcset=\"https:\/\/fanfare-zebaliz.com\/wp-content\/uploads\/2019\/08\/Vanina.jpg 500w, https:\/\/fanfare-zebaliz.com\/wp-content\/uploads\/2019\/08\/Vanina-300x161.jpg 300w\" sizes=\"auto, (max-width: 500px) 100vw, 500px\" \/><\/figure>\n\n\n\n<div class=\"wp-block-themeisle-blocks-advanced-columns has-1-columns has-desktop-equal-layout has-tablet-equal-layout has-mobile-equal-layout has-default-gap has-vertical-unset\" id=\"wp-block-themeisle-blocks-advanced-columns-f746e85f\" style=\"border-width:0px;border-style:solid;border-color:#000000;border-radius:0px;justify-content:unset\"><div class=\"wp-themeisle-block-overlay\" style=\"opacity:0.5;mix-blend-mode:normal\"><\/div><div class=\"innerblocks-wrap\">\n<div class=\"wp-block-themeisle-blocks-advanced-column\" id=\"wp-block-themeisle-blocks-advanced-column-e3a10b2f\" style=\"border-width:0px;border-style:solid;border-color:#000000;border-radius:0px\">\n<p style=\"text-align:center\"><strong>Un seul \u00eatre vous manque et tout est d\u00e9peupl\u00e9<\/strong><\/p>\n<\/div>\n<\/div><\/div>\n\n\n\n<p>Un vieux fantasme de certain(e)s fanfarons qui en r\u00eavaient depuis des ann\u00e9es, et qui s\u2019\u00e9taient m\u00eame pris un rateau lors du choix des morceaux&#8230; Le voil\u00e0 enfin, tout beau tout chaud, du beau Dave \u00e0 la sauce fanfaronne et des heures de travail en perspective pour les trompettes qui ne ch\u00f4ment pas\u00a0! Plus \u00e9labor\u00e9e qu\u2019il n\u2019y para\u00eet, une magnifique chanson qui donne du grain \u00e0 moudre \u00e0 tous les pupit\u2019s\u00a0!<\/p>\n\n\n\n<div class=\"wp-block-file aligncenter\"><a href=\"https:\/\/fanfare-zebaliz.com\/wp-content\/uploads\/2019\/08\/Vanina2-1.pdf\">Les partoches :<\/a><a href=\"https:\/\/fanfare-zebaliz.com\/wp-content\/uploads\/2019\/08\/Vanina2-1.pdf\" class=\"wp-block-file__button\" download>T\u00e9l\u00e9charger<\/a><\/div>\n","protected":false},"excerpt":{"rendered":"<p>Un vieux fantasme de certain(e)s fanfarons qui en r\u00eavaient depuis des ann\u00e9es, et qui s\u2019\u00e9taient m\u00eame pris un rateau lors du choix des morceaux&#8230; Le voil\u00e0 enfin, tout beau tout chaud, du beau Dave \u00e0 la sauce fanfaronne et des heures de travail en perspective pour les trompettes qui ne [&hellip;]<\/p>\n","protected":false},"author":1,"featured_media":194,"parent":34,"menu_order":0,"comment_status":"closed","ping_status":"closed","template":"","meta":{"footnotes":""},"class_list":["post-589","page","type-page","status-publish","has-post-thumbnail","hentry"],"_links":{"self":[{"href":"https:\/\/fanfare-zebaliz.com\/index.php\/wp-json\/wp\/v2\/pages\/589","targetHints":{"allow":["GET"]}}],"collection":[{"href":"https:\/\/fanfare-zebaliz.com\/index.php\/wp-json\/wp\/v2\/pages"}],"about":[{"href":"https:\/\/fanfare-zebaliz.com\/index.php\/wp-json\/wp\/v2\/types\/page"}],"author":[{"embeddable":true,"href":"https:\/\/fanfare-zebaliz.com\/index.php\/wp-json\/wp\/v2\/users\/1"}],"replies":[{"embeddable":true,"href":"https:\/\/fanfare-zebaliz.com\/index.php\/wp-json\/wp\/v2\/comments?post=589"}],"version-history":[{"count":2,"href":"https:\/\/fanfare-zebaliz.com\/index.php\/wp-json\/wp\/v2\/pages\/589\/revisions"}],"predecessor-version":[{"id":596,"href":"https:\/\/fanfare-zebaliz.com\/index.php\/wp-json\/wp\/v2\/pages\/589\/revisions\/596"}],"up":[{"embeddable":true,"href":"https:\/\/fanfare-zebaliz.com\/index.php\/wp-json\/wp\/v2\/pages\/34"}],"wp:featuredmedia":[{"embeddable":true,"href":"https:\/\/fanfare-zebaliz.com\/index.php\/wp-json\/wp\/v2\/media\/194"}],"wp:attachment":[{"href":"https:\/\/fanfare-zebaliz.com\/index.php\/wp-json\/wp\/v2\/media?parent=589"}],"curies":[{"name":"wp","href":"https:\/\/api.w.org\/{rel}","templated":true}]}}